 1174?
2, 587
List the prime factors of 1927.
41, 47
List the prime factors of 50342.
2, 25171
What are the prime factors of 4734?
2, 3, 263
What are the prime factors of 6097?
7, 13, 67
List the prime factors of 606.
2, 3, 101
List the prime factors of 4018.
2, 7, 41
List the prime factors of 46532.
2, 11633
List the prime factors of 159.
3, 53
List the prime factors of 107856.
2, 3, 7, 107
List the prime factors of 20124.
2, 3, 13, 43
List the prime factors of 108949.
108949
What are the prime factors of 26673?
3, 17, 523
What are the prime factors of 117432?
2, 3, 7, 233
What are the prime factors of 1906?
2, 953
List the prime factors of 104317.
73, 1429
List the prime factors of 8510.
2, 5, 23, 37
What are the prime factors of 2137?
2137
List the prime factors of 8486.
2, 4243
List the prime factors of 9021.
3, 31, 97
List the prime factors of 306.
2, 3, 17
What are the prime factors of 15126?
2, 3, 2521
What are the prime factors of 1073?
29, 37
List the prime factors of 101274.
2, 3, 16879
List the prime factors of 8551.
17, 503
List the prime factors of 289.
17
What are the prime factors of 926?
2, 463
What are the prime factors of 29507?
19, 1553
What are the prime factors of 1474?
2, 11, 67
What are the prime factors of 982?
2, 491
List the prime factors of 40292.
2, 7, 1439
What are the prime factors of 10710?
2, 3, 5, 7, 17
List the prime factors of 8957.
13, 53
What are the prime factors of 3096?
2, 3, 43
What are the prime factors of 4882?
2, 2441
What are the prime factors of 32562?
2, 3, 67
What are the prime factors of 3045?
3, 5, 7, 29
What are the prime factors of 30960?
2, 3, 5, 43
List the prime factors of 1511.
1511
What are the prime factors of 48674?
2, 24337
What are the prime factors of 16442?
2, 8221
List the prime factors of 18500.
2, 5, 37
List the prime factors of 52018.
2, 31, 839
What are the prime factors of 1997?
1997
What are the prime factors of 3758?
2, 1879
List the prime factors of 1216.
2, 19
List the prime factors of 57144.
2, 3, 2381
What are the prime factors of 907?
907
What are the prime factors of 182620?
2, 5, 23, 397
What are the prime factors of 528?
2, 3, 11
List the prime factors of 54865.
5, 10973
List the prime factors of 564.
2, 3, 47
List the prime factors of 463.
463
List the prime factors of 403.
13, 31
What are the prime factors of 696?
2, 3, 29
List the prime factors of 11862.
2, 3, 659
What are the prime factors of 44981?
31, 1451
What are the prime factors of 135?
3, 5
List the prime factors of 21416.
2, 2677
What are the prime factors of 28984?
2, 3623
List the prime factors of 3731.
7, 13, 41
What are the prime factors of 30177?
3, 7, 479
What are the prime factors of 6357?
3, 13, 163
List the prime factors of 9210.
2, 3, 5, 307
List the prime factors of 75433.
241, 313
What are the prime factors of 3639?
3, 1213
List the prime factors of 87269.
7, 13, 137
What are the prime factors of 410?
2, 5, 41
What are the prime factors of 99520?
2, 5, 311
What are the prime factors of 20112?
2, 3, 419
What are the prime factors of 129560?
2, 5, 41, 79
What are the prime factors of 44235?
3, 5, 983
What are the prime factors of 4641?
3, 7, 13, 17
What are the prime factors of 367?
367
What are the prime factors of 2725?
5, 109
What are the prime factors of 1012?
2, 11, 23
What are the prime factors of 1744?
2, 109
What are the prime factors of 2841?
3, 947
What are the prime factors of 34581?
3, 11527
What are the prime factors of 8574?
2, 3, 1429
What are the prime factors of 140778?
2, 3, 11, 79
What are the prime factors of 9845?
5, 11, 179
What are the prime factors of 920?
2, 5, 23
What are the prime factors of 34667?
34667
What are the prime factors of 15354?
2, 3, 853
List the prime factors of 9136.
2, 571
What are the prime factors of 1041?
3, 347
What are the prime factors of 13184?
2, 103
List the prime factors of 5021.
5021
What are the prime factors of 9724?
2, 11, 13, 17
What are the prime factors of 1402?
2, 701
List the prime factors of 490.
2, 5, 7
What are the prime factors of 2120?
2, 5, 53
What are the prime factors of 43?
43
List the prime factors of 194.
2, 97
List the prime factors of 1890.
2, 3, 5, 7
List the prime factors of 7268.
2, 23, 79
What are the prime factors of 22461?
3, 7487
List the prime factors of 4665.
3, 5, 311
List the prime factors of 843.
3, 281
What are the prime factors of 6162?
2, 3, 13, 79
What are the prime factors of 104620?
2, 5, 5231
What are the prime factors of 111464?
2, 13933
What are the prime factors of 7318?
2, 3659
What are the prime factors of 4913?
17
List the prime factors of 62303.
62303
List the prime factors of 1294.
2, 647
List the prime factors of 2165.
5, 433
What are the prime factors of 761?
761
What are the prime factors of 45193?
43, 1051
List the prime factors of 30014.
2, 43, 349
What are the prime factors of 4886?
2, 7, 349
List the prime factors of 159668.
2, 179, 223
List the prime factors of 33414.
2, 3, 5569
List the prime factors of 3421.
11, 311
What are the prime factors of 102?
2, 3, 17
List the prime factors of 37761.
3, 41, 307
What are the prime factors of 1859?
11, 13
List the prime factors of 9605.
5, 17, 113
List the prime factors of 19516.
2, 7, 17, 41
What are the prime factors of 8473?
37, 229
List the prime factors of 2567.
17, 151
List the prime factors of 452.
2, 113
List the prime factors of 367.
367
List the prime factors of 6092.
2, 1523
List the prime factors of 56611.
56611
List the prime factors of 88419.
3, 29473
What are the prime factors of 4725?
3, 5, 7
List the prime factors of 919.
919
What are the prime factors of 4253?
4253
List the prime factors of 598.
2, 13, 23
List the prime factors of 4803.
3, 1601
What are the prime factors of 235?
5, 47
What are the prime factors of 1762?
2, 881
What are the prime factors of 1249?
1249
List the prime factors of 1380.
2, 3, 5, 23
What are the prime factors of 340?
2, 5, 17
What are the prime factors of 54896?
2, 47, 73
List the prime factors of 297.
3, 11
What are the prime factors of 16414?
2, 29, 283
What are the prime factors of 233?
233
What are the prime factors of 11962?
2, 5981
What are the prime factors of 1312?
2, 41
What are the prime factors of 29741?
29741
List the prime factors of 1138.
2, 569
What are the prime factors of 3563?
7, 509
What are the prime factors of 11981?
11981
List the prime factors of 2833.
2833
What are the prime factors of 2101?
11, 191
What are the prime factors of 66864?
2, 3, 7, 199
List the prime factors of 2717.
11, 13, 19
What are the prime factors of 10266?
2, 3, 29, 59
What are the prime factors of 543?
3, 181
What are the prime factors of 112088?
2, 14011
What are the prime factors of 1660?
2, 5, 83
What are the prime factors of 4130?
2, 5, 7, 59
List the prime factors of 3627.
3, 13, 31
What are the prime factors of 168?
2, 3, 7
List the prime factors of 1185.
3, 5, 79
What are the prime factors of 11676?
2, 3, 7, 139
List the prime factors of 22010.
2, 5, 31, 71
List the prime factors of 15866.
2, 7933
What are the prime factors of 78571?
78571
List the prime factors of 2683.
2683
What are the prime factors of 35178?
2, 3, 11, 13, 41
List the prime factors of 13625.
5, 109
List the prime factors of 14417.
13, 1109
What are the prime factors of 970?
2, 5, 97
What are the prime factors of 6675?
3, 5, 89
List the prime factors of 3362.
2, 41
List the prime factors of 1139.
17, 67
List the prime factors of 43292.
2, 79, 137
What are the prime factors of 3120?
2, 3, 5, 13
List the prime factors of 2947.
7, 421
What are the prime factors of 815?
5, 163
What are the prime factors of 905?
5, 181
List the prime factors of 1330.
2, 5, 7, 19
What are the prime factors of 14140?
2, 5, 7, 101
List the prime factors of 1322.
2, 661
List the prime factors of 3351.
3, 1117
What are the prime factors of 13132?
2, 7, 67
List the prime factors of 54606.
2, 3, 19, 479
List the prime factors of 308.
2, 7, 11
List the prime factors of 52534.
2, 26267
What are the prime factors of 2302?
2, 1151
List the prime factors of 581.
7, 83
What are the prime factors of 58772?
2, 7, 2099
What are the prime factors of 122175?
3, 5, 181
List the prime factors of 90.
2, 3, 5
List the prime factors of 1241.
17, 73
List the prime facto